- -102).
117
Calculate -8 - (5 + 0) - (-131 - (8 - 31)).
95
Calculate -231 + 275 + -34 + 8.
18
What is the value of -12 - (-118 + 108 + -43)?
41
-8 - (168 - 157 - (4 + (-11 - -2)))
-24
Calculate 6 - ((-14 + -1 - -15 - 40) + -10 + 11).
45
What is -149 - -126 - (4 + 10 + -45)?
8
Evaluate (-8 - (7 - -2)) + (5 - -17) + -35.
-30
What is the value of (1 - 13) + (-102 - -109) - (0 - -8)?
-13
What is 20 + (-20 + -3 - -42)?
39
(-4 - -71) + (8 - (22 + -28 - -14))
67
Calculate -30 + 11 + 23 - 3 - (-1 + 13).
-11
Evaluate -4 - (17 + (0 + -17 - -17 - 8)).
-13
What is the value of 9 - 1 - (-71 + (14 - -64) - (-1 + 49))?
49
-98 + 2 + 13 + 71
-12
What is -35 - ((-7 - -62) + -72)?
-18
16 + (34 - 50) + (10 - 0) - (-54 - -2)
62
What is the value of (53 - -29 - 55) + -61 + 6?
-28
Evaluate 15 + 1 - (-12 + (-92 - -14) + (7 - 13)).
112
Calculate 9 + -50 + -4 + 23 - 18.
-40
What is 13 - (-8 + (-70 - (-8 + 10 + 5 + -9)))?
89
What is the value of 0 - (2 - 46 - (37 + -53))?
28
What is -4 + 1 + -36 + 9 + 44 + -6?
8
Evaluate 2 - (5 + (5 + 10 - 4 - 11 - 52)).
49
What is the value of 3133 + -3159 + (2 + 1 - (0 - 2))?
-21
-108 - (-19 + -30) - (1 - (0 + 10))
-50
Evaluate (377 + -426 + 17 + 1 - 12) + 21.
-22
What is 1 + -1 + -10 + (-58 - (-26 + -17))?
-25
What is the value of 12 + -3 + 6 + 18 + (-181 - -3) + 20?
-125
What is (0 - -26) + -2 - ((-166 - 105) + 239)?
56
Calculate (-104 - -49 - -16) + 49.
10
What is the value of 674 - 639 - (101 + -2)?
-64
What is (23 + 7 - 5) + (11 - -53)?
89
What is 0 + 31 + 3 + 9 + 7?
50
Evaluate -3 - (14 + (-6 - 18) - (-6 + 8)).
9
620 + -702 - (2 - 58)
-26
Calculate 15 + (15 - 51 - 1).
-22
Calculate 42 + -71 + 30 + 11.
12
What is the value of -13 + (-3 - 13) + 1 - ((-2 - -2) + -7)?
-21
Evaluate (-30 + 4 - -34) + 3 + -86 + 2.
-73
Calculate (-3 + 2 - 64) + (-54 - (-26 - -1) - -16).
-78
What is the value of (9 + 60 + -13 - 55) + (-1 - -1)?
1
What is 31 - -2 - -2 - (-5379 + 5316)?
98
What is the value of -15 - (5 + -19 + 21 + -13)?
-9
-22 + (51 - 12 - 5) + 7
19
Calculate (13 - (-32 - -35)) + (5 - -1).
16
138 - ((-78 - -119) + 128)
-31
What is the value of -76 - (-60 + 55 - -1)?
-72
361 - 479 - (-6 - -14)
-126
Calculate -24 - (-15 - (13 - -3)) - (62 - 4 - -1).
-52
What is 430 + -332 + -151 + -11?
-64
Evaluate (-243 - -199) + (12 - 1).
-33
What is 3 - (4 + -43 + 17)?
25
What is the value of 43 + (-8 - (-36 + 30))?
41
Calculate -15 - (4 + -35 - (354 + -444)).
-74
Calculate 3 - 0 - 5 - (40 + -2) - (-1096 - -1101).
-45
What is the value of 8 + 45 - (-13 + 7 + -4 - -2) - 5?
56
What is 20 + -12 + 11 + (-11 - 23) + (0 - 1)?
-16
Evaluate -37 + (-5 - 47) + 32 + -64.
-121
What is the value of 23 + (-38 - (-28 + -43))?
56
What is (46 - 68) + 100 - (-9 + 50)?
37
Calculate 128 - ((-262 - -270) + 5 + 17).
98
Calculate (3 - (6 + -8)) + (-12 - (46 - -20 - 13)).
-60
Calculate 170 + -80 - 34 - -3.
59
59 - 25 - (-25 + (-10 - -69))
0
Calculate -49 + (5 - 14) + 55.
-3
Calculate -124 + -87 + (47 - -104).
-60
2 + -27 + (55 - 7 - (311 - 325))
37
Calculate (-1500 - -1546) + -1 + -108.
-63
-701 + 769 + -25 + 1
44
Calculate 10 + -14 - (71 + -32).
-43
What is -86 + 157 - (51 - -57)?
-37
What is -55 + -33 + 64 - -65?
41
What is -60 - -51 - (0 + -7 + (5 - (-6 - -7)))?
-6
Evaluate 116 + (-13 + -1 - (-26 - (-28 + 9)) - -10).
119
Calculate -22 - ((454 - 446) + (0 - 0) - -1).
-31
What is the value of 6 + 24 + -135 + 66?
-39
What is 19 - (7 + -2 + (448 - 462))?
28
What is 18 + (13 - 21) - 0 - 5 - 0?
5
Evaluate 33 + -1 + 0 - (-14353 + 14330).
55
Evaluate -1477 + 1488 - (1 - (3 - 1) - -4) - -40.
48
Evaluate -37 + 32 + 22 + 13.
30
What is (-89 - (-304 - -115)) + -39?
61
What is 7 + -28 + (-8 - -24) - -10?
5
What is the value of 4 - -8 - ((-1 - -19) + (-6 - 30))?
30
Calculate -2 + (-80 + 37 - -66).
21
What is the value of (2 - 5) + (-26 + (-6 - -21) - -13)?
-1
(18 - 1 - (220 + -204)) + (1 - (-5 - 0))
7
What is the value of -8 + 7 - (9 - -3 - (-9 - 55) - 3)?
-74
Calculate -8 + -53 + (-18 - -9 - -5) + -14.
-79
Evaluate (-10 + -1 + 44 - 29) + -23 - (-5 - -1).
-15
Calculate -1 + 11 - (-9 + (-1 + (-23 - -27) - -15)).
1
Evaluate (14 - 4) + -50 + (7 - 6) + -16.
-55
Evaluate 29 + -29 - (-1 + -15).
16
(114 - 26) + -196 - -127
19
Calculate -102 + (-18 - -24) + 20.
-76
Evaluate 1 + -45 - (23 - (110 + -68)).
-25
Evaluate 5 + -22 + -12 + -28 + 39.
-18
What is (-22 - (-110 - -22)) + (162 - 165)?
63
(9 - 37) + -36 + 93
29
What is 66 - (95 + -8 + -82)?
61
What is the value of 0 + -48 + -8 + 33 + -24 + -13?
-60
What is -3 - (-15 + -6 + -5 + (-15 - -4) - -8)?
26
Evaluate 22 + (-42 - -9) + 7.
-4
Evaluate -29 + (-16 - -32) - 20 - 20.
-53
Calculate -7 + 70 - 0 - (-18 - -9 - (-2 - 2)).
68
-1 - (5 + 34) - (-25 - -21)
-36
What is the value of -28 + (3 - (41 - 95))?
29
What is (-70 - 2) + -3330 + 3402?
0
180 + -149 - (-1 - -65)
-33
Evaluate (123 + -124 - (-1 - 71)) + 2 + 0 + -9.
64
What is the value of 37 + -45 - (24 - 15)?
-17
Calculate 22 + -54 + 36 + -26 + (-2 + -3 - 2).
-29
What is (23 - (20 + 20)) + 33 - 0?
16
58 - (-63 - -29) - 62
30
Calculate 18 - (8 - 4 - 9 - (-1 + 61)).
83
What is the value of -12 - ((-7 - (-26 - -14)) + (-2 - -33))?
-48
Evaluate (-1 + -13 - (0 + -2 - 4)) + (-8 - 0).
-16
What is 0 - (-19 - (21 - (34 - -17)))?
-11
Calculate -123 + (-5 - -23) + (21 - 12).
-96
-37 + 64 + 6 + -45
-12
Evaluate (-6 - (-38 - 1 - (23 + -18))) + (2 - 6).
34
Evaluate -15 + 76 + -32 - 64.
-35
What is 24 - ((16 - (1 - 12)) + -14) - (-2 - 2)?
15
Evaluate (-7 + -8 + 40 - 12) + 9 + 1.
23
What is -14 - -24 - (8 + 2 - 13 - -3)?
10
Calculate (332 - 283) + (-4 - -31).
76
What is (1 - -17) + (5 + -10 - (147 - 180))?
46
Calculate -33 + -240 + 267 + (-32 - 0).
-38
Calculate 7 + -22 + (-3 - -20 - -1).
3
Calculate 24993 + -25064 - ((-1 - 7) + (-1 - -2)).
-64
What is -7 - 7 - (58 - (67 - 33))?
-38
What is the value of 647 - 640 - (2 + 7)?
-2
Evaluate -13 + 11 + (-11 - (-6 + 13) - (5 - 16)).
-9
Calculate 0 + -33 + 1 + (116 - (89 + 35)).
-40
Calculate (-110 - -107) + (0 + 1 + -32 - -2).
-32
Calculate (1 - 5) + (25 - -1) - (11 + -6 + -4).
21
What is (84 - (-23 - -32 - 2 - 19)) + -7?
89
-4 + 2 - (-2 + 1 - (-23 + (30 - 35)))
-29
(121 + -135 - (-6 - 1)) + (-75 - (-2 - -5))
-85
What is 112 + 56 + (-351 - -106)?
-77
Calculate (-1 - -12) + (-54 - 25) - (-68 + 60).
-60
What is -5 + (9 - (-15 + (10 - (12 + 3) - -13)))?
11
What is the value of (33 - (2 + 47)) + 4?
-12
What is the value of -11 + (1 + (8 - 8) - -3) - 44?
-51
(-40 + 89 - 49) + (-4 - 0)
-4
Evaluate 6 + -8 + (3 - (-10 - 24)) + -3 + 1.
33
-6 - (-10 + 0 + -18 + 6 + 1 + 9)
6
What is the value of 6253 + -6267 + (-40 - -2 - 0)?
-52
18 + (-19 - (-1 - -4)) - 7
-11
What is the value of 12 - (0 + -22 + -1053 + 1150)?
-63
0 + 3 + -5 + 8 + 13
19
What is the value of -6 - ((77 - 118) + 139)?
-104
What is the value of 45 - (108 + 59 + -139)?
17
What is the value of 1599 + -1558 + (40 - 5)?
76
Calculate (-14 - 20) + 0 + 41 + -18.
-11
What is the value of 8 - (5 - 7) - (37 + -36 + 102)?
-93
Evaluate 45 - (-60 + 64) - 8.
33
What is (2 - 1) + 4 + -8 + 72 + -85?
-16
Calculate -9 + (11 - (61 + -19)).
-40
Evaluate (20 - -15) + (-120 - (21 + -49)).
-57
What is (15 - 26) + (140 + -5 - (137 - 118))?
105
Calculate 835 + -897 + (45 - -2).
-15
(-8 - -22 - -3) + (-44 - (58 - 29))
-56
What is 257 + -246 - (-2 + -2 + 4)?
11
What is 29 - (-5 + 3 + 4) - (-2558 + 2561)?
24
What is the value of -4 - (26 + (4 - 10) + -6)?
-18
What is the value of -66 + 8 + (-10 - -13 - 6) + -9?
-70
Evaluate 38 + (61 - 78) - (-4 - 36).
61
1 + 0 + (-12 + -7 + 8 - 24) + 12
-22
Evaluate (-142 - (-75 + -83)) + 1 + 41.
58
What is the value of -10 - (16 + 14 + -35)?
-5
((12 - 3 - 7 - -5) + 0 - 16) + 102
93
What is the value of (150 - 3) + -40 - (39 - -2)?
66
What is -16 - (20 + (-1 - -17 - 54))?
2
Evaluate (45 - 20) + (11 - (17 + -11)).
30
Evaluate (0 + 1 - 124) + (-1161 - -1198).
-86
2 - -8 - -10 - (18 + (11 - 16))
7
What is (1 + 7 - (-18 - (-40 + 14))) + -40?
-40
Calculate 23 - ((-11 - -12) + (5 + 0 - 16)).
33
Calculate 47 + -39 + -11 + (-4 - -12).
5
-5 + -80 - ((15 - -6) + -27)
-79
Evaluate -3 + 5 + -7 + (0 + -16 - -6) + 13.
-2
Evaluate 49 - (-15 + -3 + 10 - ((10 - 20) + 5)).
52
Calculate (-382 + 332 - (-76 + -4)) + (0 - -4 - 1).
33
Evaluate (-40 - (-22 - -37)) + 63 + -51.
-43
-129 - (2 + -33) - -69
-29
Calculate -93 + (147 - 3